mainder when r(-35) is divided by s.
6
Suppose -1351 = -15*q - 211. Let t(a) = a**2 - 5. Calculate the remainder when q is divided by t(-4).
10
Let r be (-3)/6 - (4/(-8) + -3). Suppose -g + 2 = -i, r*i + 0*g = 2*g - 3. What is the remainder when 5 is divided by i?
0
Let j(p) = 43*p**2 + 6*p + 3. Calculate the remainder when 134 is divided by j(-1).
14
Suppose 2*j = j + 22. Suppose 0 = 2*q - x - 6, -3*q - 5*x + j = -0. Suppose 15 = -p + q*p. Calculate the remainder when 16 is divided by p.
1
Let d = 39 + -31. What is the remainder when 11 is divided by d + (7 - 3 - 5)?
4
Let h(i) = 5*i**2 - 7*i - 9. Suppose -4*u - 2 = -5*o + 7, 3*u - 5*o + 13 = 0. Calculate the remainder when h(u) is divided by 23.
20
Suppose -6 = i - 4*i. Suppose i*d + 378 = 9*d. Calculate the remainder when 215 is divided by d.
53
What is the remainder when (-44)/55*(-1245)/6 is divided by 40?
6
Let s(n) = n**3 - 2*n**2 - 15*n + 10. What is the remainder when 381 is divided by s(6)?
61
Let b = 305 + -252. Suppose -2*o + f + f + 48 = 0, 5*o + 5*f - 160 = 0. Calculate the remainder when b is divided by o.
25
Let i = -74 + 150. Let z be (1/(-1))/((-4)/i). Suppose -4*h + z = -13. Calculate the remainder when 22 is divided by h.
6
Let g(t) = -2*t**2 + 25*t + 19. Calculate the remainder when 15 is divided by g(13).
3
What is the remainder when 36/1 - (-8 - -13) is divided by 18?
13
Suppose 11*x = 15*x. Suppose 13*n - 350 + 64 = x. What is the remainder when 82 is divided by n?
16
Suppose 0 = -4*h + i + 25 + 6, 3*h - 5*i - 36 = 0. What is the remainder when 2/h - 4433/(-91) is divided by 27?
22
Let x(r) = r**3 - 4*r**2 - 4*r + 4. Let u be x(5). Let o(j) = j**2 - 8*j - 9. Let v be o(u). Calculate the remainder when v - (-2 - 15)*1 is divided by 5.
2
Let h(v) = 3*v**2 + 5*v - 57. What is the remainder when 1342 is divided by h(-6)?
19
Let f(b) = 56*b - 4. Let a(x) = x**2 - 5*x - 294. Calculate the remainder when f(3) is divided by a(21).
38
Let h(x) be the second derivative of -x**3/3 + 41*x**2/2 + 18*x. What is the remainder when h(-11) is divided by 14?
7
Suppose -9*y - j = -4*y - 3981, 2*j = -y + 789. Calculate the remainder when y is divided by 25.
22
Let b(s) = 1. Let w(c) = c - 16. Let x(n) = -2*n + 15. Let z(a) = 3*w(a) + 4*x(a). Let o(t) = 6*b(t) - z(t). What is the remainder when 52 is divided by o(4)?
10
Let o(j) = 2*j**3 - j**2 + j - 4. Let m be o(3). Suppose 0 = 4*r - 0*r - m. Let u(p) = 13*p + 4. Calculate the remainder when u(3) is divided by r.
10
Suppose 0 = -5*t, 15*v + 5*t = 14*v + 364. Calculate the remainder when v is divided by 99.
67
Let d(p) = -p + 6. What is the remainder when 327/5 + 14/(-35) is divided by d(-11)?
14
Suppose 88*g - 77*g = 154. What is the remainder when 67 is divided by g?
11
Let t = 52 - 47. Suppose -4*c - 21 = -t*c. What is the remainder when 104 is divided by c?
20
Suppose -2*c + 227 = 27. Let z = c + -53. Calculate the remainder when z is divided by 12.
11
Let l = -227 - -263. What is the remainder when 208 is divided by l?
28
Let h = 43 - 30. Let a = 9 + 1. Calculate the remainder when h is divided by a.
3
Suppose 3*l = -2*l + 40. Suppose -l = 2*p - 26. What is the remainder when 38 is divided by (-2 - 4/(-4)) + p?
6
Let g(s) = -7*s - 134. What is the remainder when g(-22) is divided by 17?
3
Let g = 25 - 4. Suppose 0 = -4*f - 4*x + 19 - 3, -4*f = -x - g. Suppose 0*j + 22 = 2*m + 2*j, -3*j = m - f. Calculate the remainder when 25 is divided by m.
11
Suppose 8*b + 5*s - 448 = 2*b, -4*b = -5*s - 332. What is the remainder when b is divided by 3?
0
Let t(h) = 9*h - 30. Let u(b) = 2*b - 6. Let g(i) = 5*t(i) - 24*u(i). Let c = -654 + 671. Calculate the remainder when c is divided by g(-4).
5
Suppose 4*p + 0 - 44 = -3*f, -5*f + 20 = 0. Let v(r) = -r**3 + 34*r**2 + 109*r + 79. What is the remainder when p is divided by v(37)?
3
Let j = 20 + -16. Suppose y = j*z - 14, 0*y - 4*y = -5*z + 1. What is the remainder when 652/20 - y/(-15) is divided by 9?
6
Let m be (-18)/4*12/(-2). Suppose 12*a - 143 = 23*a. Let i = m + a. Calculate the remainder when 24 is divided by i.
10
What is the remainder when 4/(-26) + (416052/169)/12 is divided by 10?
5
Suppose 5*g - i = -1 - 19, i - 4 = g. Suppose 0 = 5*b + 45 - 15. What is the remainder when 2 is divided by (g - -1)*b/9?
0
Suppose -5*j - q = 375, 0 = 4*j - 9*q + 4*q + 271. Let d = j + 154. Let c = -25 + d. What is the remainder when c is divided by 19?
17
Suppose 0 = -234*k + 181*k + 212. Let q = 28 + -15. What is the remainder when q is divided by k?
1
Let j = -2140 - -2177. What is the remainder when j is divided by 12?
1
Let r(h) = 17*h**2 + h. Suppose -2*f = -64 + 56. What is the remainder when r(-1) is divided by f?
0
Let p be 4*4/16 - -2. Suppose -x + 25 = 4*l, l - p*x + 19 = 5*l. What is the remainder when l is divided by 5?
2
Let g(z) = 0*z**2 + 7*z**2 - 6*z**2 + 4*z - 3. Suppose -20 = -9*r + 5*r. What is the remainder when 81 is divided by g(r)?
39
Let b = -383 - -389. Calculate the remainder when (-5)/(-20) - (-78)/8 is divided by b.
4
Let a(j) = 37*j**3 + j**2 + 7*j - 5. Calculate the remainder when a(2) is divided by 21.
15
Suppose 3*l = -3*x + 4*l + 275, 2*l = 5*x - 460. Suppose 2*o - 124 = -x. Calculate the remainder when o is divided by 7.
3
Let s(d) = d**2 + d - 5. Let m be s(-3). What is the remainder when 9 is divided by 6/2 - m*-3?
3
Suppose -31*t = -11*t - 140. Let m be 2/(-6) - (-32)/6. Suppose -m*x + 4*q = -37 - 12, 53 = 5*x - 3*q. What is the remainder when x is divided by t?
6
Let p(n) = n**3 - 3*n**2 - 5*n + 3. Let q be p(3). Let a be 1*(2/(-3) - 1/3). Calculate the remainder when ((q - 1) + 2)/a is divided by 4.
3
Suppose -2*l - 2*t = -228, -4*l = -8*l - 5*t + 459. Let i(b) = -b**3 + 2*b**2 + 17*b + 44. What is the remainder when l is divided by i(-3)?
35
Suppose -24*f - 277 + 1909 = 0. What is the remainder when 77 is divided by f?
9
Let j(s) = -s**3 + s**2 + 28. Let d = 7 - 9. Calculate the remainder when j(0) is divided by (5 + -4)*(13 - d).
13
Let c(b) = -20*b + 940. What is the remainder when c(44) is divided by 1 - 3 - (-2 - 21)?
18
Let o(n) = 6*n + 7. Let z be o(-4). Let c = z + 15. Calculate the remainder when (-712)/(-16) + 3/c is divided by 15.
13
Suppose -4*t + 10 = -2*o, 3*t + 8 = -3*o + 38. Suppose -13 = -t*b + 12. Suppose 4*v = 3*v - 5, b*i - 15 = -4*v. Calculate the remainder when 24 is divided by i.
3
Let p(g) = g**3 - 7*g**2 - 8*g + 5. Let i be p(7). Let m = -15 - i. Calculate the remainder when m is divided by (-12)/(-8)*156/18.
10
Let k be 0 + (-4 - -3) - -6. Suppose k*u = u + 88. Let y = -3 - -89. What is the remainder when y is divided by u?
20
Let r = -42 - -46. Suppose 6*d - 18 = r*d. What is the remainder when 26 is divided by d?
8
Suppose -2*i = 4*p - 16, 3*i = 5*p - 3*p + 64. Let t(y) = 160*y**2 - y - 1. What is the remainder when t(-1) is divided by i?
16
Let y(s) = -s**2 - 12*s - 27. What is the remainder when 186 is divided by y(-6)?
6
Let r = 60 - 66. Let m = r + 16. What is the remainder when 59 is divided by m?
9
Let t be (-4)/(-10) + 344/40. Let r = t + 5. Calculate the remainder when 26 is divided by r.
12
Let l = 320 - -454. Calculate the remainder when l is divided by 31.
30
Suppose -5*t + 15 = v, -4*v - 32 = 3*t - 6*t. Suppose -166 = -t*a - 3*x, 9*x = -2*a + 4*x + 90. Calculate the remainder when 119 is divided by a.
39
Suppose 9*v - 45 = 387. What is the remainder when v is divided by 14?
6
Let x(v) = -13*v**3 - 2*v - 3. Let w(f) = -f**2 + 4*f - 4. Let l be w(2). Suppose l = -4*o + 1 - 9. Calculate the remainder when x(o) is divided by 27.
24
Suppose -4*i + 169 = -m, -6*i - 3*m + 181 = -2*i. What is the remainder when i is divided by 6?
1
Suppose -50*x + 88 = -2662. Calculate the remainder when 164 is divided by x.
54
Suppose 85 = 3*t - 4*d, 4*d = -5*t + 84 + 15. Calculate the remainder when 236 is divided by t.
6
Calculate the remainder when 124 is divided by -4 + 1 + -153 + 163.
5
Let w = 527 + -265. What is the remainder when w is divided by 66?
64
Let o(p) = -2*p**3 + 13*p**2 + 9*p - 9. Let t be o(7). Suppose 2*d - t*w = -4*w + 57, 4*d = w + 117. Calculate the remainder when 85 is divided by d.
25
Let t = 485 - 321. Calculate the remainder when t is divided by 33.
32
Suppose -5*c - 45 = -10*c. Let q = 105 - 64. What is the remainder wh